 194057
What are the prime factors of 765131168?
2, 109, 219361
What are the prime factors of 679128922?
2, 7537, 45053
List the prime factors of 1123361819.
17, 619, 106753
List the prime factors of 563074693.
127, 997, 4447
List the prime factors of 382366000.
2, 5, 41, 4663
List the prime factors of 3437898789.
3, 13, 59, 1494089
What are the prime factors of 23566114?
2, 11, 13, 17, 37, 131
List the prime factors of 2304943704.
2, 3, 7, 359, 12739
List the prime factors of 23093148.
2, 3, 13, 179, 827
What are the prime factors of 5539656?
2, 3, 230819
List the prime factors of 703157919.
3, 61, 661, 5813
What are the prime factors of 193632434?
2, 151, 641167
What are the prime factors of 59181844?
2, 229, 64609
List the prime factors of 363610765.
5, 7, 647, 16057
What are the prime factors of 61200316?
2, 89, 353, 487
What are the prime factors of 177631210?
2, 5, 173, 102677
List the prime factors of 101957663.
101957663
List the prime factors of 917237642.
2, 458618821
What are the prime factors of 263465053?
227, 1160639
List the prime factors of 959779146.
2, 3, 4889, 32719
What are the prime factors of 3494823482?
2, 19, 461, 199499
List the prime factors of 97711299.
3, 7, 516991
What are the prime factors of 61831437?
3, 20610479
List the prime factors of 903286346.
2, 451643173
What are the prime factors of 143948360?
2, 5, 3598709
List the prime factors of 615848922.
2, 3, 13, 2631833
List the prime factors of 370663091.
883, 419777
List the prime factors of 5391590522.
2, 359, 7509179
List the prime factors of 444107887.
107, 1531, 2711
What are the prime factors of 561326674?
2, 109, 947, 2719
List the prime factors of 106206363.
3, 3933569
What are the prime factors of 3211858992?
2, 3, 59, 797, 1423
What are the prime factors of 808884448?
2, 25277639
What are the prime factors of 309947098?
2, 154973549
What are the prime factors of 3424202460?
2, 3, 5, 7, 1153, 2357
List the prime factors of 454310281.
454310281
List the prime factors of 52168885.
5, 10433777
List the prime factors of 19686529.
337, 58417
What are the prime factors of 50935198?
2, 233, 109303
What are the prime factors of 14730490?
2, 5, 1473049
What are the prime factors of 68810182?
2, 7, 4915013
What are the prime factors of 158928962?
2, 197, 199, 2027
List the prime factors of 459381724.
2, 673, 170647
What are the prime factors of 2015179290?
2, 3, 5, 431, 17317
List the prime factors of 4255887.
3, 149, 9521
What are the prime factors of 122900122?
2, 433, 141917
List the prime factors of 855074224.
2, 1709, 31271
What are the prime factors of 36925477?
89, 414893
What are the prime factors of 11147308?
2, 17, 9643
What are the prime factors of 760617261?
3, 239, 353611
List the prime factors of 49986047.
307, 162821
List the prime factors of 970597561.
73, 13295857
What are the prime factors of 54827179?
11, 19, 262331
List the prime factors of 1265142228.
2, 3, 7, 467, 32251
What are the prime factors of 383403452?
2, 7643, 12541
List the prime factors of 400919387.
11, 409, 89113
What are the prime factors of 1363310170?
2, 5, 136331017
List the prime factors of 74791757.
74791757
List the prime factors of 1447733069.
61, 23733329
List the prime factors of 38155523.
7, 223, 24443
List the prime factors of 235107979.
59, 1567, 2543
List the prime factors of 737741757.
3, 67, 109, 151, 223
What are the prime factors of 2231660?
2, 5, 241, 463
What are the prime factors of 1228068221?
37, 33191033
What are the prime factors of 313075797?
3, 104358599
List the prime factors of 4108165138.
2, 7, 11, 191, 12697
What are the prime factors of 107422398?
2, 3, 577, 10343
List the prime factors of 42140732.
2, 10535183
List the prime factors of 104894114.
2, 13, 17, 43, 5519
What are the prime factors of 13017953?
13, 1001381
What are the prime factors of 152008658?
2, 5477, 13877
List the prime factors of 3475746521.
13, 267365117
What are the prime factors of 323323776?
2, 3, 59, 67, 71
List the prime factors of 457074459.
3, 50786051
What are the prime factors of 698104104?
2, 3, 409, 71119
What are the prime factors of 42891966?
2, 3, 13, 183299
List the prime factors of 964221082.
2, 11, 19, 599, 3851
List the prime factors of 303737885.
5, 11, 23, 240109
What are the prime factors of 203276122?
2, 7, 59, 246097
What are the prime factors of 2865079?
7, 8353
What are the prime factors of 441423665?
5, 88284733
What are the prime factors of 285769582?
2, 7, 20412113
What are the prime factors of 1887975753?
3, 629325251
List the prime factors of 418548704.
2, 7, 17, 109913
What are the prime factors of 8371925110?
2, 5, 509, 1151, 1429
What are the prime factors of 130668132?
2, 3, 7, 1555573
What are the prime factors of 64523142?
2, 3, 23, 17317
List the prime factors of 1093102870.
2, 5, 19, 457, 12589
What are the prime factors of 1456889879?
47, 30997657
List the prime factors of 67731609.
3, 11, 2052473
What are the prime factors of 613070195?
5, 6481, 18919
List the prime factors of 64462940.
2, 5, 29, 111143
List the prime factors of 2801368215.
3, 5, 62252627
What are the prime factors of 477466261?
477466261
What are the prime factors of 49011385?
5, 193, 50789
List the prime factors of 496174678.
2, 43, 139, 41507
What are the prime factors of 72190805?
5, 293, 49277
List the prime factors of 227226501.
3, 2351, 10739
What are the prime factors of 47588827?
11, 13, 67, 4967
List the prime factors of 293140554.
2, 3, 7, 17, 410561
List the prime factors of 43633516.
2, 29, 509, 739
List the prime factors of 1656245852.
2, 414061463
What are the prime factors of 42943379?
2039, 21061
List the prime factors of 2080468062.
2, 3, 29, 331, 12041
What are the prime factors of 2707966?
2, 1353983
List the prime factors of 38404622.
2, 1303, 14737
List the prime factors of 5946561218.
2, 13, 228713893
List the prime factors of 7608526360.
2, 5, 190213159
List the prime factors of 227301121.
103, 461, 4787
What are the prime factors of 590212154?
2, 7, 17, 23, 73, 211
What are the prime factors of 871660819?
871660819
What are the prime factors of 3363321613?
19, 177016927
List the prime factors of 317828406.
2, 3, 7, 727, 1487
List the prime factors of 997162631.
23, 43354897
List the prime factors of 285111358.
2, 7, 23, 523, 1693
List the prime factors of 57707320.
2, 5, 11, 11923
List the prime factors of 1262474005.
5, 13, 151, 293, 439
List the prime factors of 198113959.
198113959
List the prime factors of 4712703598.
2, 13103, 179833
What are the prime factors of 5428767862?
2, 7, 17, 67, 340447
List the prime factors of 47064946.
2, 23, 163, 6277
What are the prime factors of 242331271?
7, 13, 2662981
List the prime factors of 76581119.
379, 202061
What are the prime factors of 63602429?
11, 23, 251393
What are the prime factors of 435255513?
3, 7, 11, 171293
List the prime factors of 158292666.
2, 3, 7, 103, 12197
List the prime factors of 462048886.
2, 13, 23, 772657
List the prime factors of 4161491947.
73, 769, 74131
What are the prime factors of 172935182?
2, 7, 139, 88867
What are the prime factors of 227585979?
3, 163, 155137
What are the prime factors of 41399263?
37, 107, 10457
List the prime factors of 4514478875.
5, 36115831
List the prime factors of 66023128.
2, 8252891
List the prime factors of 298281175.
5, 313, 38119
What are the prime factors of 12360812?
2, 37, 47, 1777
List the prime factors of 279581092.
2, 7, 1483, 6733
What are the prime factors of 6445034475?
3, 5, 11, 17, 157, 2927
What are the prime factors of 194843850?
2, 3, 5, 37, 35107
What are the prime factors of 3282455832?
2, 3, 31, 1447, 3049
What are the prime factors of 838985577?
3, 521, 536779
What are the prime factors of 135564618?
2, 3, 7, 29, 111301
What are the prime factors of 47564995?
5, 577, 16487
What are the prime factors of 1671468721?
13, 107, 827, 1453
List the prime factors of 145341895.
5, 89, 326611
What are the prime factors of 719996823?
3, 7, 13, 181, 1619
List the prime factors of 467839625.
5, 11, 89, 3823
List the prime factors of 2983273693.
41, 4423, 16451
List the prime factors of 50304035.
5, 10060807
List the prime factors of 26320239.
3, 11, 265861
What are the prime factors of 4208311760?
2, 5, 52603897
List the prime fa